{"id":1770,"date":"2023-06-08T19:56:13","date_gmt":"2023-06-09T00:56:13","guid":{"rendered":"https:\/\/allende637.mx\/?page_id=1770"},"modified":"2023-06-08T19:56:15","modified_gmt":"2023-06-09T00:56:15","slug":"bateria2023","status":"publish","type":"page","link":"https:\/\/allende637.mx\/?page_id=1770","title":{"rendered":"Curso Intensivo de Verano en Bater\u00eda"},"content":{"rendered":"\n<div style=\"height:40px\" aria-hidden=\"true\" class=\"wp-block-spacer\"><\/div>\n\n\n\n<figure class=\"wp-block-image size-large\"><img loading=\"lazy\" decoding=\"async\" width=\"1024\" height=\"1024\" src=\"https:\/\/allende637.mx\/wp-content\/uploads\/2023\/06\/351312183_1304707463759079_594142781599877099_n-1024x1024.jpg\" alt=\"\" class=\"wp-image-1771\" srcset=\"https:\/\/allende637.mx\/wp-content\/uploads\/2023\/06\/351312183_1304707463759079_594142781599877099_n-1024x1024.jpg 1024w, https:\/\/allende637.mx\/wp-content\/uploads\/2023\/06\/351312183_1304707463759079_594142781599877099_n-300x300.jpg 300w, https:\/\/allende637.mx\/wp-content\/uploads\/2023\/06\/351312183_1304707463759079_594142781599877099_n-150x150.jpg 150w, https:\/\/allende637.mx\/wp-content\/uploads\/2023\/06\/351312183_1304707463759079_594142781599877099_n-768x768.jpg 768w, https:\/\/allende637.mx\/wp-content\/uploads\/2023\/06\/351312183_1304707463759079_594142781599877099_n-1536x1536.jpg 1536w, https:\/\/allende637.mx\/wp-content\/uploads\/2023\/06\/351312183_1304707463759079_594142781599877099_n-1140x1140.jpg 1140w, https:\/\/allende637.mx\/wp-content\/uploads\/2023\/06\/351312183_1304707463759079_594142781599877099_n-75x75.jpg 75w, https:\/\/allende637.mx\/wp-content\/uploads\/2023\/06\/351312183_1304707463759079_594142781599877099_n.jpg 2048w\" sizes=\"auto, (max-width: 1024px) 100vw, 1024px\" \/><\/figure>\n\n\n\n<figure class=\"wp-block-image size-large\"><img loading=\"lazy\" decoding=\"async\" width=\"1024\" height=\"1024\" src=\"https:\/\/allende637.mx\/wp-content\/uploads\/2023\/06\/351167499_638920841435411_5821066531573668271_n-1024x1024.jpg\" alt=\"\" class=\"wp-image-1772\" srcset=\"https:\/\/allende637.mx\/wp-content\/uploads\/2023\/06\/351167499_638920841435411_5821066531573668271_n-1024x1024.jpg 1024w, https:\/\/allende637.mx\/wp-content\/uploads\/2023\/06\/351167499_638920841435411_5821066531573668271_n-300x300.jpg 300w, https:\/\/allende637.mx\/wp-content\/uploads\/2023\/06\/351167499_638920841435411_5821066531573668271_n-150x150.jpg 150w, https:\/\/allende637.mx\/wp-content\/uploads\/2023\/06\/351167499_638920841435411_5821066531573668271_n-768x768.jpg 768w, https:\/\/allende637.mx\/wp-content\/uploads\/2023\/06\/351167499_638920841435411_5821066531573668271_n-1536x1536.jpg 1536w, https:\/\/allende637.mx\/wp-content\/uploads\/2023\/06\/351167499_638920841435411_5821066531573668271_n-1140x1140.jpg 1140w, https:\/\/allende637.mx\/wp-content\/uploads\/2023\/06\/351167499_638920841435411_5821066531573668271_n-75x75.jpg 75w, https:\/\/allende637.mx\/wp-content\/uploads\/2023\/06\/351167499_638920841435411_5821066531573668271_n.jpg 2048w\" sizes=\"auto, (max-width: 1024px) 100vw, 1024px\" \/><\/figure>\n\n\n\n<div style=\"height:51px\" aria-hidden=\"true\" class=\"wp-block-spacer\"><\/div>\n\n\n\n<p>El Centro Cultural Allende 637 se complace en invitar al Curso Intensivo de Verano en Bater\u00eda que se impartir\u00e1 en nuestras instalaciones del 10 de julio al 04 de agosto por el maestro Alan Montoya, principal de percusiones de la Orquesta Filarm\u00f3nica del Tzintzuni.<\/p>\n\n\n\n<p>Este curso se encuentra dirigido al p\u00fablico en general \u00a1de todas las edades! \u00a1No hay pretexto para no inscribirse y que la pr\u00e1ctica musical sea parte de tu verano!<\/p>\n\n\n\n<p>Informes e inscripci\u00f3n v\u00eda WhatsApp en el n\u00famero <a><\/a>4436200044. Nuestro horario de atenci\u00f3n es de lunes a viernes de 10 a 18 horas.<\/p>\n\n\n\n<p><img loading=\"lazy\" decoding=\"async\" height=\"16\" width=\"16\" alt=\"\ud83d\udcc5\" src=\"https:\/\/static.xx.fbcdn.net\/images\/emoji.php\/v9\/t7e\/1\/16\/1f4c5.png\">10 de julio al 04 de agosto<\/p>\n\n\n\n<p><img loading=\"lazy\" decoding=\"async\" height=\"16\" width=\"16\" src=\"https:\/\/static.xx.fbcdn.net\/images\/emoji.php\/v9\/t2d\/1\/16\/1f4cd.png\" alt=\"\ud83d\udccd\">Centro Cultural Allende 637<\/p>\n\n\n\n<p><\/p>\n\n\n\n<div class=\"wp-block-buttons is-layout-flex wp-block-buttons-is-layout-flex\">\n<div class=\"wp-block-button\"><a class=\"wp-block-button__link wp-element-button\" href=\"https:\/\/forms.gle\/wCWySFuGCtiwfnkD8\">Inscr\u00edbete <\/a><\/div>\n<\/div>\n","protected":false},"excerpt":{"rendered":"<p>El Centro Cultural Allende 637 se complace en invitar al Curso Intensivo de Verano en Bater\u00eda que se impartir\u00e1 en nuestras instalaciones del 10 de julio al 04 de agosto por el maestro Alan Montoya, principal de percusiones de la Orquesta Filarm\u00f3nica del Tzintzuni. Este curso se encuentra dirigido al p\u00fablico en general \u00a1de todas las edades! \u00a1No hay pretexto para no inscribirse y que la pr\u00e1ctica musical sea parte de tu verano! Informes e inscripci\u00f3n v\u00eda WhatsApp en el n\u00famero 4436200044. Nuestro horario de atenci\u00f3n es de lunes a viernes de 10 a 18 horas. 10 de julio al 04 de agosto Centro Cultural Allende 637<\/p>\n","protected":false},"author":1,"featured_media":0,"parent":0,"menu_order":0,"comment_status":"closed","ping_status":"closed","template":"","meta":{"_acf_changed":false,"footnotes":""},"class_list":["post-1770","page","type-page","status-publish","hentry"],"acf":[],"_links":{"self":[{"href":"https:\/\/allende637.mx\/index.php?rest_route=\/wp\/v2\/pages\/1770","targetHints":{"allow":["GET"]}}],"collection":[{"href":"https:\/\/allende637.mx\/index.php?rest_route=\/wp\/v2\/pages"}],"about":[{"href":"https:\/\/allende637.mx\/index.php?rest_route=\/wp\/v2\/types\/page"}],"author":[{"embeddable":true,"href":"https:\/\/allende637.mx\/index.php?rest_route=\/wp\/v2\/users\/1"}],"replies":[{"embeddable":true,"href":"https:\/\/allende637.mx\/index.php?rest_route=%2Fwp%2Fv2%2Fcomments&post=1770"}],"version-history":[{"count":1,"href":"https:\/\/allende637.mx\/index.php?rest_route=\/wp\/v2\/pages\/1770\/revisions"}],"predecessor-version":[{"id":1773,"href":"https:\/\/allende637.mx\/index.php?rest_route=\/wp\/v2\/pages\/1770\/revisions\/1773"}],"wp:attachment":[{"href":"https:\/\/allende637.mx\/index.php?rest_route=%2Fwp%2Fv2%2Fmedia&parent=1770"}],"curies":[{"name":"wp","href":"https:\/\/api.w.org\/{rel}","templated":true}]}}