{"id":3070,"date":"2025-02-10T16:59:17","date_gmt":"2025-02-10T22:59:17","guid":{"rendered":"https:\/\/allende637.mx\/?page_id=3070"},"modified":"2025-02-10T20:26:27","modified_gmt":"2025-02-11T02:26:27","slug":"cartelera","status":"publish","type":"page","link":"https:\/\/allende637.mx\/?page_id=3070","title":{"rendered":"Cartelera"},"content":{"rendered":"\n<p>El Centro Cultural Allende 637 se caracteriza por una intensa actividad concert\u00edstica del m\u00e1s alto nivel, as\u00ed como por el exponer en sus galer\u00edas a artistas de talla internacional.<\/p>\n\n\n\n<p><strong><a href=\"https:\/\/allende637.mx\/?cat=12\" data-type=\"category\" data-id=\"12\">CONCIERTOS<\/a><\/strong><\/p>\n\n\n\n<p><strong><a href=\"https:\/\/allende637.mx\/?page_id=786\" data-type=\"page\" data-id=\"786\">EXPOSICIONES<\/a><\/strong><\/p>\n","protected":false},"excerpt":{"rendered":"<p>El Centro Cultural Allende 637 se caracteriza por una intensa actividad concert\u00edstica del m\u00e1s alto nivel, as\u00ed como por el exponer en sus galer\u00edas a artistas de talla internacional. CONCIERTOS EXPOSICIONES<\/p>\n","protected":false},"author":1,"featured_media":0,"parent":0,"menu_order":0,"comment_status":"closed","ping_status":"closed","template":"","meta":{"_acf_changed":false,"footnotes":""},"class_list":["post-3070","page","type-page","status-publish","hentry"],"acf":[],"_links":{"self":[{"href":"https:\/\/allende637.mx\/index.php?rest_route=\/wp\/v2\/pages\/3070","targetHints":{"allow":["GET"]}}],"collection":[{"href":"https:\/\/allende637.mx\/index.php?rest_route=\/wp\/v2\/pages"}],"about":[{"href":"https:\/\/allende637.mx\/index.php?rest_route=\/wp\/v2\/types\/page"}],"author":[{"embeddable":true,"href":"https:\/\/allende637.mx\/index.php?rest_route=\/wp\/v2\/users\/1"}],"replies":[{"embeddable":true,"href":"https:\/\/allende637.mx\/index.php?rest_route=%2Fwp%2Fv2%2Fcomments&post=3070"}],"version-history":[{"count":2,"href":"https:\/\/allende637.mx\/index.php?rest_route=\/wp\/v2\/pages\/3070\/revisions"}],"predecessor-version":[{"id":3074,"href":"https:\/\/allende637.mx\/index.php?rest_route=\/wp\/v2\/pages\/3070\/revisions\/3074"}],"wp:attachment":[{"href":"https:\/\/allende637.mx\/index.php?rest_route=%2Fwp%2Fv2%2Fmedia&parent=3070"}],"curies":[{"name":"wp","href":"https:\/\/api.w.org\/{rel}","templated":true}]}}

<p>El Centro Cultural Allende 637 se caracteriza por una intensa actividad concertística del más alto nivel, así como por el exponer en sus galerías a artistas de talla internacional.</p>



<p><strong><a href="https://allende637.mx/?cat=12" data-type="category" data-id="12">CONCIERTOS</a></strong></p>



<p><strong><a href="https://allende637.mx/?page_id=786" data-type="page" data-id="786">EXPOSICIONES</a></strong></p>

<p>El Centro Cultural Allende 637 se caracteriza por una intensa actividad concertística del más alto nivel, así como por el exponer en sus galerías a artistas de talla internacional. CONCIERTOS EXPOSICIONES</p>
