{"id":3090,"date":"2025-02-10T20:45:14","date_gmt":"2025-02-11T02:45:14","guid":{"rendered":"https:\/\/allende637.mx\/?page_id=3090"},"modified":"2025-02-10T20:46:17","modified_gmt":"2025-02-11T02:46:17","slug":"hector-cruz-cardoso-guitarra","status":"publish","type":"page","link":"https:\/\/allende637.mx\/?page_id=3090","title":{"rendered":"H\u00e9ctor Cruz Cardoso | GUITARRA"},"content":{"rendered":"\n<p>Se titul\u00f3 en el 2013 por promedio, unanimidad y con menci\u00f3n honor\u00edfica bajo la tutela del Mtro. Rodrigo Nefthal\u00ed L\u00f3pez Alarc\u00f3n. En el 2018 se titul\u00f3 de la maestr\u00eda con el m\u00e1ximo de la votaci\u00f3n, felicitaciones y menci\u00f3n honor\u00edfica del Istituto Superiore di Studi Musicale \u201cLuigi Boccherini\u201d en la ciudad de Lucca, Italia; bajo la tutela del Mtro. Giampaolo Bandini.<br>Ha realizado diversos cursos de pedagog\u00eda, ense\u00f1anza con medios digitales, investigaci\u00f3n y transcripci\u00f3n de obras, as\u00ed como recibido diversas clases magistrales con maestros de reconocido prestigio nacional e internacional.<br>Ha ganado diversos premios nacionales e internacionales de interpretaci\u00f3n desde el 2005 hasta el 2018. Ha sido beneficiario de diversas becas en M\u00e9xico y en el extranjero, entre las que destaca el \u201cPremio Borsa di studio 2018\/20\u201d, beca otorgada por la asociaci\u00f3n ANIMANDO de la ciudad de Lucca, Italia, por el proyecto de investigaci\u00f3n y rescate de obras de la familia Puccini.<\/p>\n\n\n\n<figure class=\"wp-block-image size-large\"><img loading=\"lazy\" decoding=\"async\" width=\"683\" height=\"1024\" src=\"https:\/\/allende637.mx\/wp-content\/uploads\/2025\/02\/HectorCruz-683x1024.jpg\" alt=\"\" class=\"wp-image-3092\" srcset=\"https:\/\/allende637.mx\/wp-content\/uploads\/2025\/02\/HectorCruz-683x1024.jpg 683w, https:\/\/allende637.mx\/wp-content\/uploads\/2025\/02\/HectorCruz-200x300.jpg 200w, https:\/\/allende637.mx\/wp-content\/uploads\/2025\/02\/HectorCruz-768x1152.jpg 768w, https:\/\/allende637.mx\/wp-content\/uploads\/2025\/02\/HectorCruz-1024x1536.jpg 1024w, https:\/\/allende637.mx\/wp-content\/uploads\/2025\/02\/HectorCruz-1365x2048.jpg 1365w, https:\/\/allende637.mx\/wp-content\/uploads\/2025\/02\/HectorCruz-1140x1710.jpg 1140w, https:\/\/allende637.mx\/wp-content\/uploads\/2025\/02\/HectorCruz-scaled.jpg 1707w\" sizes=\"auto, (max-width: 683px) 100vw, 683px\" \/><\/figure>\n","protected":false},"excerpt":{"rendered":"<p>Se titul\u00f3 en el 2013 por promedio, unanimidad y con menci\u00f3n honor\u00edfica bajo la tutela del Mtro. Rodrigo Nefthal\u00ed L\u00f3pez Alarc\u00f3n. En el 2018 se titul\u00f3 de la maestr\u00eda con el m\u00e1ximo de la votaci\u00f3n, felicitaciones y menci\u00f3n honor\u00edfica del Istituto Superiore di Studi Musicale \u201cLuigi Boccherini\u201d en la ciudad de Lucca, Italia; bajo la tutela del Mtro. Giampaolo Bandini.Ha realizado diversos cursos de pedagog\u00eda, ense\u00f1anza con medios digitales, investigaci\u00f3n y transcripci\u00f3n de obras, as\u00ed como recibido diversas clases magistrales con maestros de reconocido prestigio nacional e internacional.Ha ganado diversos premios nacionales e internacionales de interpretaci\u00f3n desde el 2005 hasta el 2018. Ha sido beneficiario de diversas becas en M\u00e9xico y en el extranjero, entre las que destaca el \u201cPremio Borsa di studio 2018\/20\u201d, beca otorgada por la asociaci\u00f3n ANIMANDO de la ciudad de Lucca, Italia, por el proyecto de investigaci\u00f3n y rescate de obras de la familia Puccini.<\/p>\n","protected":false},"author":1,"featured_media":0,"parent":0,"menu_order":0,"comment_status":"closed","ping_status":"closed","template":"","meta":{"_acf_changed":false,"footnotes":""},"class_list":["post-3090","page","type-page","status-publish","hentry"],"acf":[],"_links":{"self":[{"href":"https:\/\/allende637.mx\/index.php?rest_route=\/wp\/v2\/pages\/3090","targetHints":{"allow":["GET"]}}],"collection":[{"href":"https:\/\/allende637.mx\/index.php?rest_route=\/wp\/v2\/pages"}],"about":[{"href":"https:\/\/allende637.mx\/index.php?rest_route=\/wp\/v2\/types\/page"}],"author":[{"embeddable":true,"href":"https:\/\/allende637.mx\/index.php?rest_route=\/wp\/v2\/users\/1"}],"replies":[{"embeddable":true,"href":"https:\/\/allende637.mx\/index.php?rest_route=%2Fwp%2Fv2%2Fcomments&post=3090"}],"version-history":[{"count":2,"href":"https:\/\/allende637.mx\/index.php?rest_route=\/wp\/v2\/pages\/3090\/revisions"}],"predecessor-version":[{"id":3094,"href":"https:\/\/allende637.mx\/index.php?rest_route=\/wp\/v2\/pages\/3090\/revisions\/3094"}],"wp:attachment":[{"href":"https:\/\/allende637.mx\/index.php?rest_route=%2Fwp%2Fv2%2Fmedia&parent=3090"}],"curies":[{"name":"wp","href":"https:\/\/api.w.org\/{rel}","templated":true}]}}