{"id":3102,"date":"2025-02-10T20:58:07","date_gmt":"2025-02-11T02:58:07","guid":{"rendered":"https:\/\/allende637.mx\/?page_id=3102"},"modified":"2025-02-10T20:58:07","modified_gmt":"2025-02-11T02:58:07","slug":"heriberto-cruz-cornejo-piano","status":"publish","type":"page","link":"https:\/\/allende637.mx\/?page_id=3102","title":{"rendered":"Heriberto Cruz Cornejo | PIANO"},"content":{"rendered":"\n<p>Ha participado como pianista solista con Leeds College of Music Community Symphony Orchestra, Orquesta Sinf\u00f3nica de Michoac\u00e1n y Yakima Symphony Orchestra bajo la batuta de Lawrence Golan, Juan Manuel Arpero, John Anderson y Miguel \u00c1ngel Garc\u00eda. Se ha presentado en distintos foros mexicanos, tanto como solista como pianista acompa\u00f1ante, as\u00ed como en Espa\u00f1a, Grecia, Canad\u00e1, Estados Unidos, e Inglaterra, donde estudi\u00f3 una maestr\u00eda en interpretaci\u00f3n bajo la direcci\u00f3n de Jakob Fichert y Heather Slade-Lipkin en Leeds College of Music.<\/p>\n\n\n\n<p>Ha fungido como docente y pianista acompa\u00f1ante en la Facultad Popular de Bellas Artes de la Universidad Michoacana de San Nicol\u00e1s de Hidalgo. Adem\u00e1s, participa en la Orquesta de C\u00e1mara de la Universidad Michoacana como instrumentista de teclados y redactor de notas al programa. Desde septiembre de 2024 imparte taller de piano en Centro Cultural Allende 637.<\/p>\n\n\n\n<p>Curs\u00f3 su licenciatura en m\u00fasica en el Conservatorio de las Rosas, teniendo como profesores de piano a Eduardo Montes y Arroyo y Cuauht\u00e9moc Trejo, y de m\u00fasica de c\u00e1mara y acompa\u00f1amiento a Caroline Grivellaro. Ocasionalmente toma asesor\u00edas con el pianista mexicano C\u00e9sar Reyes.<\/p>\n\n\n\n<figure class=\"wp-block-image size-large\"><img loading=\"lazy\" decoding=\"async\" width=\"697\" height=\"1024\" src=\"https:\/\/allende637.mx\/wp-content\/uploads\/2025\/02\/IMG_1997-1-697x1024.jpg\" alt=\"\" class=\"wp-image-3103\" srcset=\"https:\/\/allende637.mx\/wp-content\/uploads\/2025\/02\/IMG_1997-1-697x1024.jpg 697w, https:\/\/allende637.mx\/wp-content\/uploads\/2025\/02\/IMG_1997-1-204x300.jpg 204w, https:\/\/allende637.mx\/wp-content\/uploads\/2025\/02\/IMG_1997-1-768x1128.jpg 768w, https:\/\/allende637.mx\/wp-content\/uploads\/2025\/02\/IMG_1997-1-1046x1536.jpg 1046w, https:\/\/allende637.mx\/wp-content\/uploads\/2025\/02\/IMG_1997-1-1394x2048.jpg 1394w, https:\/\/allende637.mx\/wp-content\/uploads\/2025\/02\/IMG_1997-1-1140x1675.jpg 1140w, https:\/\/allende637.mx\/wp-content\/uploads\/2025\/02\/IMG_1997-1-scaled.jpg 1743w\" sizes=\"auto, (max-width: 697px) 100vw, 697px\" \/><\/figure>\n","protected":false},"excerpt":{"rendered":"<p>Ha participado como pianista solista con Leeds College of Music Community Symphony Orchestra, Orquesta Sinf\u00f3nica de Michoac\u00e1n y Yakima Symphony Orchestra bajo la batuta de Lawrence Golan, Juan Manuel Arpero, John Anderson y Miguel \u00c1ngel Garc\u00eda. Se ha presentado en distintos foros mexicanos, tanto como solista como pianista acompa\u00f1ante, as\u00ed como en Espa\u00f1a, Grecia, Canad\u00e1, Estados Unidos, e Inglaterra, donde estudi\u00f3 una maestr\u00eda en interpretaci\u00f3n bajo la direcci\u00f3n de Jakob Fichert y Heather Slade-Lipkin en Leeds College of Music. Ha fungido como docente y pianista acompa\u00f1ante en la Facultad Popular de Bellas Artes de la Universidad Michoacana de San Nicol\u00e1s de Hidalgo. Adem\u00e1s, participa en la Orquesta de C\u00e1mara de la Universidad Michoacana como instrumentista de teclados y redactor de notas al programa. Desde septiembre de 2024 imparte taller de piano en Centro Cultural Allende 637. Curs\u00f3 su licenciatura en m\u00fasica en el Conservatorio de las Rosas, teniendo como profesores de piano a Eduardo Montes y Arroyo y Cuauht\u00e9moc Trejo, y de m\u00fasica de c\u00e1mara y acompa\u00f1amiento a Caroline Grivellaro. Ocasionalmente toma asesor\u00edas con el pianista mexicano C\u00e9sar Reyes.<\/p>\n","protected":false},"author":1,"featured_media":0,"parent":0,"menu_order":0,"comment_status":"closed","ping_status":"closed","template":"","meta":{"_acf_changed":false,"footnotes":""},"class_list":["post-3102","page","type-page","status-publish","hentry"],"acf":[],"_links":{"self":[{"href":"https:\/\/allende637.mx\/index.php?rest_route=\/wp\/v2\/pages\/3102","targetHints":{"allow":["GET"]}}],"collection":[{"href":"https:\/\/allende637.mx\/index.php?rest_route=\/wp\/v2\/pages"}],"about":[{"href":"https:\/\/allende637.mx\/index.php?rest_route=\/wp\/v2\/types\/page"}],"author":[{"embeddable":true,"href":"https:\/\/allende637.mx\/index.php?rest_route=\/wp\/v2\/users\/1"}],"replies":[{"embeddable":true,"href":"https:\/\/allende637.mx\/index.php?rest_route=%2Fwp%2Fv2%2Fcomments&post=3102"}],"version-history":[{"count":1,"href":"https:\/\/allende637.mx\/index.php?rest_route=\/wp\/v2\/pages\/3102\/revisions"}],"predecessor-version":[{"id":3104,"href":"https:\/\/allende637.mx\/index.php?rest_route=\/wp\/v2\/pages\/3102\/revisions\/3104"}],"wp:attachment":[{"href":"https:\/\/allende637.mx\/index.php?rest_route=%2Fwp%2Fv2%2Fmedia&parent=3102"}],"curies":[{"name":"wp","href":"https:\/\/api.w.org\/{rel}","templated":true}]}}