{"id":463,"date":"2022-01-11T20:51:29","date_gmt":"2022-01-12T02:51:29","guid":{"rendered":"http:\/\/allende637.mx\/?page_id=463"},"modified":"2022-01-11T21:05:32","modified_gmt":"2022-01-12T03:05:32","slug":"tercera-temporada","status":"publish","type":"page","link":"https:\/\/allende637.mx\/?page_id=463","title":{"rendered":"Tercera Temporada"},"content":{"rendered":"\n<h3 class=\"wp-block-heading\"><strong>FEBRERO<\/strong><\/h3>\n\n\n\n<h4 class=\"wp-block-heading\"><strong>Martes 23<br>PROGRAMA 1<br>GALA DE ANIVERSARIO<\/strong><\/h4>\n\n\n\n<p>Momentos memorables del Primer A\u00f1o de vida de la Orquesta de C\u00e1mara del Tzintzuni<\/p>\n\n\n\n<p><strong>20:30 hrs<\/strong><\/p>\n\n\n\n<h3 class=\"wp-block-heading\">MARZO<\/h3>\n\n\n\n<h4 class=\"wp-block-heading\"><strong>Viernes 5<br>PROGRAMA 2<\/strong><\/h4>\n\n\n\n<p>Concierto para flauta en Sol mayor, H 445 \u2014 &nbsp;C. P. E. Bach (1714-1788)<\/p>\n\n\n\n<p><em>Carolina Mu\u00f1iz, flauta<\/em><\/p>\n\n\n\n<p>Divertimento en Do mayor, Hob. 11:14 \u2014 &nbsp;F. J. Haydn (1732-1809)<\/p>\n\n\n\n<p><em>Arr. H. C. Robbins<\/em><\/p>\n\n\n\n<p><strong>20:30 hrs<\/strong><\/p>\n\n\n\n<h4 class=\"wp-block-heading\"><strong>Viernes 12<br>PROGRAMA 3<\/strong><\/h4>\n\n\n\n<p>Sinfon\u00eda para cuerdas No. 2 en Re mayor, JV34 \u2014 &nbsp;J. V\u00e1zquez (1993)<\/p>\n\n\n\n<p><strong>20:30 hrs<\/strong><\/p>\n\n\n\n<h4 class=\"wp-block-heading\"><strong>Viernes 19<br>PROGRAMA 4<\/strong><\/h4>\n\n\n\n<p>Concierto para viol\u00edn No. 5 en La mayor \u00abTurco\u00bb, K. 219 &nbsp;\u2014 &nbsp;W.A. Mozart (1756-1791)<\/p>\n\n\n\n<p><em>Ra\u00fal Moreno, viol\u00edn<\/em><\/p>\n\n\n\n<p><strong>20:30 hrs<\/strong><\/p>\n\n\n\n<h4 class=\"wp-block-heading\"><strong>Viernes 26<br>PROGRAMA 5<\/strong><\/h4>\n\n\n\n<p>Concierto para oboe y viol\u00edn en Do menor, BWV 1060R&nbsp; \u2014&nbsp; J. S. Bach (1685-1750)<\/p>\n\n\n\n<p><em>Monserrat Garc\u00eda, oboe<\/em><\/p>\n\n\n\n<p><em>Viridiana Hern\u00e1ndez, viol\u00edn<\/em><\/p>\n\n\n\n<p><strong>20:30 hrs<\/strong><\/p>\n\n\n\n<h3 class=\"wp-block-heading\">ABRIL<\/h3>\n\n\n\n<h4 class=\"wp-block-heading\"><strong>Viernes 16<br>PROGRAMA 6<\/strong><\/h4>\n\n\n\n<p>Sinfon\u00eda No. 4 en Re mayor, K. 19 \u2014 W. A . Mozart (1756-1791)<\/p>\n\n\n\n<p><strong>20:30 hrs<\/strong><\/p>\n\n\n\n<h4 class=\"wp-block-heading\"><strong>Viernes 23<br>PROGRAMA 7<\/strong><\/h4>\n\n\n\n<p>Concierto para piano No. 23 en La mayor, K. 488&nbsp; \u2014 &nbsp;W. A . Mozart (1756-1791)<\/p>\n\n\n\n<p><em>Alexander Pashkov, piano<\/em><\/p>\n\n\n\n<p><strong>20:30 hrs<\/strong><\/p>\n\n\n\n<h4 class=\"wp-block-heading\"><strong>Viernes 30<br>PROGRAMA 8<\/strong><\/h4>\n\n\n\n<p>Cantata \u00ablch habe genug\u00bb, BWV 82 \u2014 J. S. Bach (1685-1750)<\/p>\n\n\n\n<p><em>Juan Arnulfo Tello, bar\u00edtono<\/em><\/p>\n\n\n\n<p><em>Montserrat Garc\u00eda, oboe<\/em><\/p>\n\n\n\n<p><strong>20:30 hrs<\/strong><\/p>\n\n\n\n<h3 class=\"wp-block-heading\">MAYO<\/h3>\n\n\n\n<h4 class=\"wp-block-heading\"><strong>Viernes 07<br>PROGRAMA 9<\/strong><\/h4>\n\n\n\n<p>Concierto para 2 cellos en Sol menor, RV 531 \u2014 &nbsp;Vivaldi (1685-1741)<\/p>\n\n\n\n<p><em>Andr\u00e9s L\u00f3pez, cello<\/em><\/p>\n\n\n\n<p><em>Sergio Roberto Santiago, cello<\/em><\/p>\n\n\n\n<p><strong>20:30 hrs<\/strong><\/p>\n\n\n\n<h4 class=\"wp-block-heading\"><strong>Viernes 14<br>PROGRAMA 10<\/strong><\/h4>\n\n\n\n<p>Concierto para viol\u00edn en La menor, BWV 1041 \u2014 &nbsp;&nbsp;J. S. Bach (1685-1750)<\/p>\n\n\n\n<p><em>Hermilo G\u00f3mez, viol\u00edn<\/em><\/p>\n\n\n\n<p><strong>20:30 hrs<\/strong><\/p>\n\n\n\n<h4 class=\"wp-block-heading\"><strong>Viernes 21<br>PROGRAMA 11<\/strong><\/h4>\n\n\n\n<p>Concierto para viola \u2014 &nbsp;A. \u00c1ngeles Lerma (1992)<\/p>\n\n\n\n<p><em>Adriana L\u00f3pez, viola<\/em><\/p>\n\n\n\n<p><strong>20:30 hrs<\/strong><\/p>\n\n\n\n<h4 class=\"wp-block-heading\"><strong>Viernes 28<br>PROGRAMA 12<\/strong><\/h4>\n\n\n\n<p>Concierto para viol\u00edn en Re menor, D. 45&nbsp; \u2014 G. Tartini (1692-1770)<\/p>\n\n\n\n<p><em>Juan Pablo Huipe, viol\u00edn<\/em><\/p>\n\n\n\n<p><strong>20:30 hrs<\/strong><\/p>\n\n\n\n<h3 class=\"wp-block-heading\">JUNIO<\/h3>\n\n\n\n<h4 class=\"wp-block-heading\"><strong>Viernes 04<br>PROGRAMA 13<\/strong><\/h4>\n\n\n\n<p>Gran Concierto en Fa mayor para fagot y orquesta \u2014 &nbsp;J. N. Hummel (1778-1837)<\/p>\n\n\n\n<p><em>Everardo Gast\u00e9lum, fagot<\/em><\/p>\n\n\n\n<p><strong>20:30 hrs<\/strong><\/p>\n\n\n\n<h4 class=\"wp-block-heading\"><strong>Viernes 11<br>PROGRAMA 14<\/strong><\/h4>\n\n\n\n<p>Concierto para viola en Re mayor \u2014 F. A . Hoffmeister (1754-1812)<\/p>\n\n\n\n<p><em>Daniela Samaniego, viola<\/em><\/p>\n\n\n\n<p><strong>20:30 hrs<\/strong><\/p>\n\n\n\n<h4 class=\"wp-block-heading\"><strong>Viernes 18<br>PROGRAMA 15<\/strong><\/h4>\n\n\n\n<p>Octeto de alientos con contrabajo obligado en Re mayor, JV35&nbsp; \u2014 J. V\u00e1zquez (1993)<br>Eine kleine Nachtmusik, K. 525 \u2014 &nbsp;W. A. Mozart (1756-1791)<\/p>\n\n\n\n<p><strong>20:30 hrs<\/strong><\/p>\n","protected":false},"excerpt":{"rendered":"<p>FEBRERO Martes 23PROGRAMA 1GALA DE ANIVERSARIO Momentos memorables del Primer A\u00f1o de vida de la Orquesta de C\u00e1mara del Tzintzuni 20:30 hrs MARZO Viernes 5PROGRAMA 2 Concierto para flauta en Sol mayor, H 445 \u2014 &nbsp;C. P. E. Bach (1714-1788) Carolina Mu\u00f1iz, flauta Divertimento en Do mayor, Hob. 11:14 \u2014 &nbsp;F. J. Haydn (1732-1809) Arr. H. C. Robbins 20:30 hrs Viernes 12PROGRAMA 3 Sinfon\u00eda para cuerdas No. 2 en Re mayor, JV34 \u2014 &nbsp;J. V\u00e1zquez (1993) 20:30 hrs Viernes 19PROGRAMA 4 Concierto para viol\u00edn No. 5 en La mayor \u00abTurco\u00bb, K. 219 &nbsp;\u2014 &nbsp;W.A. Mozart (1756-1791) Ra\u00fal Moreno, viol\u00edn 20:30 hrs Viernes 26PROGRAMA 5 Concierto para oboe y viol\u00edn en Do menor, BWV 1060R&nbsp; \u2014&nbsp; J. S. Bach (1685-1750) Monserrat Garc\u00eda, oboe Viridiana Hern\u00e1ndez, viol\u00edn 20:30 hrs ABRIL Viernes 16PROGRAMA 6 Sinfon\u00eda No. 4 en Re mayor, K. 19 \u2014 W. A . Mozart (1756-1791) 20:30 hrs Viernes 23PROGRAMA 7 Concierto para piano No. 23 en La mayor, K. 488&nbsp; \u2014 &nbsp;W. A . Mozart (1756-1791) Alexander Pashkov, piano 20:30 hrs Viernes 30PROGRAMA 8 Cantata \u00ablch habe genug\u00bb, BWV 82 \u2014 J. S. Bach (1685-1750) Juan Arnulfo Tello, bar\u00edtono Montserrat Garc\u00eda, oboe 20:30 hrs MAYO Viernes 07PROGRAMA 9 Concierto para 2 cellos en Sol menor, RV 531 \u2014 &nbsp;Vivaldi (1685-1741) Andr\u00e9s L\u00f3pez, cello Sergio Roberto Santiago, cello 20:30 hrs Viernes 14PROGRAMA 10 Concierto para viol\u00edn en La menor, BWV 1041 \u2014 &nbsp;&nbsp;J. S. Bach (1685-1750) Hermilo G\u00f3mez, viol\u00edn 20:30 hrs Viernes 21PROGRAMA 11 Concierto para viola \u2014 &nbsp;A. \u00c1ngeles Lerma (1992) Adriana L\u00f3pez, viola 20:30 hrs Viernes 28PROGRAMA 12 Concierto para viol\u00edn en Re menor, D. 45&nbsp; \u2014 G. Tartini (1692-1770) Juan Pablo Huipe, viol\u00edn 20:30 hrs JUNIO Viernes 04PROGRAMA 13 Gran Concierto en Fa mayor para fagot y orquesta \u2014 &nbsp;J. N. Hummel (1778-1837) Everardo Gast\u00e9lum, fagot 20:30 hrs Viernes 11PROGRAMA 14 Concierto para viola en Re mayor \u2014 F. A . Hoffmeister (1754-1812) Daniela Samaniego, viola 20:30 hrs Viernes 18PROGRAMA 15 Octeto de alientos con contrabajo obligado en Re mayor, JV35&nbsp; \u2014 J. V\u00e1zquez (1993)Eine kleine Nachtmusik, K. 525 \u2014 &nbsp;W. A. Mozart (1756-1791) 20:30 hrs<\/p>\n","protected":false},"author":1,"featured_media":0,"parent":369,"menu_order":0,"comment_status":"closed","ping_status":"closed","template":"","meta":{"_acf_changed":false,"footnotes":""},"class_list":["post-463","page","type-page","status-publish","hentry"],"acf":[],"_links":{"self":[{"href":"https:\/\/allende637.mx\/index.php?rest_route=\/wp\/v2\/pages\/463","targetHints":{"allow":["GET"]}}],"collection":[{"href":"https:\/\/allende637.mx\/index.php?rest_route=\/wp\/v2\/pages"}],"about":[{"href":"https:\/\/allende637.mx\/index.php?rest_route=\/wp\/v2\/types\/page"}],"author":[{"embeddable":true,"href":"https:\/\/allende637.mx\/index.php?rest_route=\/wp\/v2\/users\/1"}],"replies":[{"embeddable":true,"href":"https:\/\/allende637.mx\/index.php?rest_route=%2Fwp%2Fv2%2Fcomments&post=463"}],"version-history":[{"count":1,"href":"https:\/\/allende637.mx\/index.php?rest_route=\/wp\/v2\/pages\/463\/revisions"}],"predecessor-version":[{"id":464,"href":"https:\/\/allende637.mx\/index.php?rest_route=\/wp\/v2\/pages\/463\/revisions\/464"}],"up":[{"embeddable":true,"href":"https:\/\/allende637.mx\/index.php?rest_route=\/wp\/v2\/pages\/369"}],"wp:attachment":[{"href":"https:\/\/allende637.mx\/index.php?rest_route=%2Fwp%2Fv2%2Fmedia&parent=463"}],"curies":[{"name":"wp","href":"https:\/\/api.w.org\/{rel}","templated":true}]}}

<h3 class="wp-block-heading"><strong>FEBRERO</strong></h3>



<h4 class="wp-block-heading"><strong>Martes 23<br>PROGRAMA 1<br>GALA DE ANIVERSARIO</strong></h4>



<p>Momentos memorables del Primer Año de vida de la Orquesta de Cámara del Tzintzuni</p>



<p><strong>20:30 hrs</strong></p>



<h3 class="wp-block-heading">MARZO</h3>



<h4 class="wp-block-heading"><strong>Viernes 5<br>PROGRAMA 2</strong></h4>



<p>Concierto para flauta en Sol mayor, H 445 — &nbsp;C. P. E. Bach (1714-1788)</p>



<p><em>Carolina Muñiz, flauta</em></p>



<p>Divertimento en Do mayor, Hob. 11:14 — &nbsp;F. J. Haydn (1732-1809)</p>



<p><em>Arr. H. C. Robbins</em></p>



<p><strong>20:30 hrs</strong></p>



<h4 class="wp-block-heading"><strong>Viernes 12<br>PROGRAMA 3</strong></h4>



<p>Sinfonía para cuerdas No. 2 en Re mayor, JV34 — &nbsp;J. Vázquez (1993)</p>



<p><strong>20:30 hrs</strong></p>



<h4 class="wp-block-heading"><strong>Viernes 19<br>PROGRAMA 4</strong></h4>



<p>Concierto para violín No. 5 en La mayor «Turco», K. 219 &nbsp;— &nbsp;W.A. Mozart (1756-1791)</p>



<p><em>Raúl Moreno, violín</em></p>



<p><strong>20:30 hrs</strong></p>



<h4 class="wp-block-heading"><strong>Viernes 26<br>PROGRAMA 5</strong></h4>



<p>Concierto para oboe y violín en Do menor, BWV 1060R&nbsp; —&nbsp; J. S. Bach (1685-1750)</p>



<p><em>Monserrat García, oboe</em></p>



<p><em>Viridiana Hernández, violín</em></p>



<p><strong>20:30 hrs</strong></p>



<h3 class="wp-block-heading">ABRIL</h3>



<h4 class="wp-block-heading"><strong>Viernes 16<br>PROGRAMA 6</strong></h4>



<p>Sinfonía No. 4 en Re mayor, K. 19 — W. A . Mozart (1756-1791)</p>



<p><strong>20:30 hrs</strong></p>



<h4 class="wp-block-heading"><strong>Viernes 23<br>PROGRAMA 7</strong></h4>



<p>Concierto para piano No. 23 en La mayor, K. 488&nbsp; — &nbsp;W. A . Mozart (1756-1791)</p>



<p><em>Alexander Pashkov, piano</em></p>



<p><strong>20:30 hrs</strong></p>



<h4 class="wp-block-heading"><strong>Viernes 30<br>PROGRAMA 8</strong></h4>



<p>Cantata «lch habe genug», BWV 82 — J. S. Bach (1685-1750)</p>



<p><em>Juan Arnulfo Tello, barítono</em></p>



<p><em>Montserrat García, oboe</em></p>



<p><strong>20:30 hrs</strong></p>



<h3 class="wp-block-heading">MAYO</h3>



<h4 class="wp-block-heading"><strong>Viernes 07<br>PROGRAMA 9</strong></h4>



<p>Concierto para 2 cellos en Sol menor, RV 531 — &nbsp;Vivaldi (1685-1741)</p>



<p><em>Andrés López, cello</em></p>



<p><em>Sergio Roberto Santiago, cello</em></p>



<p><strong>20:30 hrs</strong></p>



<h4 class="wp-block-heading"><strong>Viernes 14<br>PROGRAMA 10</strong></h4>



<p>Concierto para violín en La menor, BWV 1041 — &nbsp;&nbsp;J. S. Bach (1685-1750)</p>



<p><em>Hermilo Gómez, violín</em></p>



<p><strong>20:30 hrs</strong></p>



<h4 class="wp-block-heading"><strong>Viernes 21<br>PROGRAMA 11</strong></h4>



<p>Concierto para viola — &nbsp;A. Ángeles Lerma (1992)</p>



<p><em>Adriana López, viola</em></p>



<p><strong>20:30 hrs</strong></p>



<h4 class="wp-block-heading"><strong>Viernes 28<br>PROGRAMA 12</strong></h4>



<p>Concierto para violín en Re menor, D. 45&nbsp; — G. Tartini (1692-1770)</p>



<p><em>Juan Pablo Huipe, violín</em></p>



<p><strong>20:30 hrs</strong></p>



<h3 class="wp-block-heading">JUNIO</h3>



<h4 class="wp-block-heading"><strong>Viernes 04<br>PROGRAMA 13</strong></h4>



<p>Gran Concierto en Fa mayor para fagot y orquesta — &nbsp;J. N. Hummel (1778-1837)</p>



<p><em>Everardo Gastélum, fagot</em></p>



<p><strong>20:30 hrs</strong></p>



<h4 class="wp-block-heading"><strong>Viernes 11<br>PROGRAMA 14</strong></h4>



<p>Concierto para viola en Re mayor — F. A . Hoffmeister (1754-1812)</p>



<p><em>Daniela Samaniego, viola</em></p>



<p><strong>20:30 hrs</strong></p>



<h4 class="wp-block-heading"><strong>Viernes 18<br>PROGRAMA 15</strong></h4>



<p>Octeto de alientos con contrabajo obligado en Re mayor, JV35&nbsp; — J. Vázquez (1993)<br>Eine kleine Nachtmusik, K. 525 — &nbsp;W. A. Mozart (1756-1791)</p>



<p><strong>20:30 hrs</strong></p>

<p>FEBRERO Martes 23PROGRAMA 1GALA DE ANIVERSARIO Momentos memorables del Primer Año de vida de la Orquesta de Cámara del Tzintzuni 20:30 hrs MARZO Viernes 5PROGRAMA 2 Concierto para flauta en Sol mayor, H 445 — &nbsp;C. P. E. Bach (1714-1788) Carolina Muñiz, flauta Divertimento en Do mayor, Hob. 11:14 — &nbsp;F. J. Haydn (1732-1809) Arr. H. C. Robbins 20:30 hrs Viernes 12PROGRAMA 3 Sinfonía para cuerdas No. 2 en Re mayor, JV34 — &nbsp;J. Vázquez (1993) 20:30 hrs Viernes 19PROGRAMA 4 Concierto para violín No. 5 en La mayor «Turco», K. 219 &nbsp;— &nbsp;W.A. Mozart (1756-1791) Raúl Moreno, violín 20:30 hrs Viernes 26PROGRAMA 5 Concierto para oboe y violín en Do menor, BWV 1060R&nbsp; —&nbsp; J. S. Bach (1685-1750) Monserrat García, oboe Viridiana Hernández, violín 20:30 hrs ABRIL Viernes 16PROGRAMA 6 Sinfonía No. 4 en Re mayor, K. 19 — W. A . Mozart (1756-1791) 20:30 hrs Viernes 23PROGRAMA 7 Concierto para piano No. 23 en La mayor, K. 488&nbsp; — &nbsp;W. A . Mozart (1756-1791) Alexander Pashkov, piano 20:30 hrs Viernes 30PROGRAMA 8 Cantata «lch habe genug», BWV 82 — J. S. Bach (1685-1750) Juan Arnulfo Tello, barítono Montserrat García, oboe 20:30 hrs MAYO Viernes 07PROGRAMA 9 Concierto para 2 cellos en Sol menor, RV 531 — &nbsp;Vivaldi (1685-1741) Andrés López, cello Sergio Roberto Santiago, cello 20:30 hrs Viernes 14PROGRAMA 10 Concierto para violín en La menor, BWV 1041 — &nbsp;&nbsp;J. S. Bach (1685-1750) Hermilo Gómez, violín 20:30 hrs Viernes 21PROGRAMA 11 Concierto para viola — &nbsp;A. Ángeles Lerma (1992) Adriana López, viola 20:30 hrs Viernes 28PROGRAMA 12 Concierto para violín en Re menor, D. 45&nbsp; — G. Tartini (1692-1770) Juan Pablo Huipe, violín 20:30 hrs JUNIO Viernes 04PROGRAMA 13 Gran Concierto en Fa mayor para fagot y orquesta — &nbsp;J. N. Hummel (1778-1837) Everardo Gastélum, fagot 20:30 hrs Viernes 11PROGRAMA 14 Concierto para viola en Re mayor — F. A . Hoffmeister (1754-1812) Daniela Samaniego, viola 20:30 hrs Viernes 18PROGRAMA 15 Octeto de alientos con contrabajo obligado en Re mayor, JV35&nbsp; — J. Vázquez (1993)Eine kleine Nachtmusik, K. 525 — &nbsp;W. A. Mozart (1756-1791) 20:30 hrs</p>
